*q - 6. Let l(x) = -6*x**2 - 1. Let k be l(1). Let t = -2 - k. Let p be (0 - t/3)*3. What is n(p)?
4
Let x(s) = -2*s - 2. Let v be x(-6). Let z(l) = l - v - 6*l - 3*l + 7*l. Suppose -2*c = 2*c. Determine z(c).
-10
Let v = 55 + -47. Let w(i) = -i**3 + 8*i**2 - 2*i + 10. Calculate w(v).
-6
Let m(v) be the third derivative of v**6/120 - v**5/12 - v**4/24 + v**3/6 + 9*v**2. Let q = -4 + 9. Give m(q).
-4
Let c(x) be the third derivative of x**4/24 - 4*x**3/3 + x**2. Let h be c(12). Let z(g) = -1 + 4*g + h*g - 4*g. Give z(1).
3
Let o(p) = p**2 - 3*p. Let b be ((-16)/5 + 2)/(2/(-5)). Let c(w) = -2*w**3 - w. Let l be c(-1). Suppose f - 31 = -5*k - l*f, b*k - 2*f - 1 = 0. Give o(k).
0
Let u(w) = -w - 1. Suppose 4*g - 16 = -q, 3*g + 18 = 5*q + 7. Calculate u(q).
-5
Let f(z) be the third derivative of -z**6/120 + z**5/12 - 2*z**3/3 + 28*z**2. What is f(5)?
-4
Let p(t) = 2*t - 1. Suppose 0*c = 4*c + 16. Suppose 5*x - 20 = -3*d, x - 2*x = 3*d - 16. Let f = d + c. Determine p(f).
1
Let r(x) = -7*x + 8. Let k(u) = -5*u + 7. Let i(q) = -3*k(q) + 2*r(q). Calculate i(4).
-1
Let h(l) = -2*l - 2*l + l**2 + 4 - 1. Let j(f) = f**3 - 4*f**2 - 4*f - 6. Let x be j(5). Let m = x - -3. What is h(m)?
-1
Let x(f) be the first derivative of f**4/4 + 5*f**3/3 - 5*f**2/2 + 8*f + 2. Determine x(-6).
2
Let y(k) = -3*k**2 + 6*k - 6. Let f(n) = -6 + 4*n + 3 - 2*n**2 - 1. Let j = 7 + -12. Let a(s) = j*y(s) + 7*f(s). Calculate a(3).
5
Let j be 0 - 0 - (-12)/6. Let i be ((-2)/(j/(-3)))/(-1). Let r(f) = -f**3 - 3*f**2 + 2. What is r(i)?
2
Let m(v) = v**2 - 8*v. Let g = 20 + -12. Let n be m(g). Suppose f - 2*f + 4 = n. Let p(q) = 2*q - 5. Calculate p(f).
3
Let x(u) = -u**3 + u**2 - 3*u + 28. Let p be x(3). Let z(a) = 33*a**3 - a**2 + 2*a - 1. Give z(p).
33
Let c(s) = 6 + 0*s + s**2 + 0*s**2 + 9*s. Let k be c(-9). Let l(i) = k - i**3 + 0*i + 4*i**2 - 2 - 2*i. What is l(4)?
-4
Suppose -9*v - 6 = -7*v. Let o be (v + 24/9)*-18. Let p(n) = n + 1. What is p(o)?
7
Let v(d) be the second derivative of d**4/12 + d**3 - 3*d**2/2 + 31*d. Determine v(-6).
-3
Let y = -5 - -20. Suppose -5 = -2*j + p, 2*j + 0*p - y = -p. Let o(c) be the third derivative of c**4/24 + c**3/2 + 2*c**2. Calculate o(j).
8
Suppose 3*a + 2*a = -35. Let x(r) = -r**2 - 7*r - 3. Let v be x(a). Let p(n) = -n**2 + 1. Give p(v).
-8
Let f(a) = a**3 + 4*a**2 - 5*a - 4. Let d = 24 + -29. Calculate f(d).
-4
Let i = 14 + -8. Let m(x) = 8*x**2 - i*x - 7 - x**3 - x**2 + 9 - 7. Let v be (-88)/(-14) - 2/7. Give m(v).
-5
Let r be (-6)/(0 + 2) + 18. Let m(x) = -r*x + 2 - 6 + 33*x - 17*x. Give m(4).
0
Let i(r) = 5*r**2 + 11*r**2 - 3 - 2 + 8*r - 17*r**2. Determine i(7).
2
Let k(v) = 5*v**3 + 2*v**2 + v. Suppose -3*t + 0*t = -12. Let n be (-5)/7 - t/14. Determine k(n).
-4
Let n(x) be the first derivative of -x**2/2 - 4*x - 1. Let m be n(-8). Suppose -3*r + m*r = 0. Let b(p) = p**2 - p + 5. Give b(r).
5
Let q(y) be the second derivative of -1/6*y**3 - 1/4*y**4 + 0*y**2 + y + 0. What is q(1)?
-4
Let q(i) be the third derivative of 0 - 1/120*i**6 - 1/10*i**5 - 1/6*i**4 + 2*i**2 + 0*i + 1/2*i**3. Suppose 4*d + 10 = 2*d. Determine q(d).
-2
Let s(l) be the third derivative of l**6/120 + l**5/30 - l**4/8 - l**3/3 + 8*l**2. What is s(-2)?
4
Let m(x) be the second derivative of 2*x**2 - 3*x**2 - 2*x + 12*x - 6*x + x**3. What is m(2)?
10
Let b(j) = -45*j + 80*j - 38*j + 3. What is b(-3)?
12
Let i be 1/(-2*(-4)/24). Let s(z) = z**2 - 2. Calculate s(i).
7
Suppose 4*w + 33 = -5*a, -4*w - 4*a + 2*a - 18 = 0. Let s(z) = z**3 - 4*z**2 - 3*z - 5. Let c be s(5). Let u(r) = 0*r**2 + 7 - r - r**2 - c. What is u(w)?
0
Let m(r) be the first derivative of -14*r**3/3 - r + 9. Calculate m(1).
-15
Let b(t) = 11*t + 1. Let p(z) = -z**2 - 10*z - 3. Let m be p(-8). Let d = -12 + m. Determine b(d).
12
Let d(m) be the first derivative of -m**4/4 - m**3/3 + m**2 - 3*m + 1. Let c = 0 - -1. Suppose -c = j - 3. What is d(j)?
-11
Suppose 0 = -4*v - 0*v + 12. Suppose 0 = 4*p + 4*x - 20, 5*p - v*x = 2*x + 15. Let g(z) = z**3 - 5*z**2 + 4*z + 2. Give g(p).
2
Let n(o) = -o**3 - 4*o**2 + 6*o. Let r(t) = -t**3 + 16*t**2 + 18*t - 22. Let q be r(17). What is n(q)?
-5
Suppose 0 = h + b + 9, 3*h - 6*h = -2*b + 7. Let s = -2 - -4. Let k(x) = -2 - 6*x - 6*x**s - x**3 + 2. Give k(h).
5
Let b be 80/3 - 1/(-3). Suppose 0 = k - 5*y + b - 1, k - y + 6 = 0. Let v be 1/2 + k/(-2). Let n(h) = -9*h**2. Calculate n(v).
-9
Let s(n) = -4*n - 3*n**2 - n**3 + n + 5*n. Calculate s(-3).
-6
Suppose 30*x = 28*x - 8. Let r(u) = u**2 + 4*u - 3. Give r(x).
-3
Suppose -s - v + 5 = 0, -s = -5*v - 0*v - 11. Let z(b) = b - 3 + 3. Calculate z(s).
6
Let m be (-3)/(0 - 3)*1. Suppose -19 = -x - 4*x + y, -x = -3*y - 15. Let j(q) = -3*q + 7*q + x*q. Calculate j(m).
7
Let f(s) = -s**3 - 5*s**2 - s + 5. Suppose 11 - 9 = g. Let h be 6*2/g + 1. Let x = h - 11. Give f(x).
-7
Let p = -2 - -2. Let u(n) = -2*n - 1. Let w(v) = -7*v + 7. Let o(d) = -15*d + 15. Let m(k) = -6*o(k) + 13*w(k). Let s(a) = 3*m(a) - u(a). Calculate s(p).
4
Let v(i) be the second derivative of i**4/12 - i**3/6 - 2*i**2 + 6*i. Suppose -2*s + 6 = -0. Give v(s).
2
Suppose 3*b - 11 = -r, 0*r - b = 4*r. Let l be 1 + (0 - r - 7). Let i(z) = 3*z - 1. Let f(y) = 2*y - 2. Let g(t) = 6*f(t) - 5*i(t). Give g(l).
8
Let t be (-1*(-2 + 2))/1. Let s(p) = -p**2 - 6*p + 6. Let q be s(-6). Let n(o) = o - 2 - q + 4. Determine n(t).
-4
Let g(k) = -k. Let o be g(-2). Let h(x) be the third derivative of -x**5/30 + x**4/12 + x**3/6 + 17*x**2. What is h(o)?
-3
Suppose 0*i + 19 = 3*d + 2*i, 3*d + 3*i - 24 = 0. Let c(q) = 4 + q**2 + 4*q - q + 1 + d*q. Determine c(-4).
-3
Let p be (-2 - (-1 + 0)) + 2. Let y(t) = -t. Let q(r) = 12*r**2 + 6*r - 1. Let c(v) = q(v) + 5*y(v). Calculate c(p).
12
Let f(w) be the second derivative of 2*w**3/3 - w**2 + 3*w. Determine f(-3).
-14
Let f(j) = 2*j + 15. Let h be f(-7). Let u = 4 - 4. Let x(m) = 0 - m + u. Calculate x(h).
-1
Let f(i) = -i - 3 + 1 + 3. Let s(q) = -q**2 + 3. Let r(l) = 6*f(l) - s(l). Calculate r(6).
3
Let r(x) = 5*x + 1. Let n(i) = 9*i + 2. Suppose 3*k + 2*k - 2*z = 61, 0 = -2*k + 5*z + 37. Let g(u) = k*r(u) - 6*n(u). What is g(5)?
4
Let o(v) = -v**2 + 8*v - 19. Let z be o(6). Let m(c) = -c**2 - 3*c + 7. What is m(z)?
-21
Suppose -3*t - 15 = -0*t. Let w(d) = d + 2. Determine w(t).
-3
Let t = 15 - 15. Let s(k) = k**2 - k - 2. Determine s(t).
-2
Let w(m) = m**2 + 1. Let y(u) = 2*u + 7. Let r be y(-3). What is w(r)?
2
Let m(l) = 2*l**2 - 10*l + 13. Let j(n) = n**2 - 5*n + 6. Suppose 10 + 3 = v. Let c(f) = v*j(f) - 6*m(f). What is c(5)?
0
Let l(p) = -91*p + 85*p - 2*p**2 + 4*p**2. Give l(4).
8
Let p(t) be the third derivative of -t**6/120 + 7*t**5/60 - t**4/4 + t**3/2 + 10*t**2. Give p(6).
3
Let h(y) = -y**2 + 2*y + 1. Let m(r) = -10*r - 6 + 2*r - r + 5*r**2. Let l(q) = -11*h(q) - 2*m(q). What is l(5)?
6
Let t(o) be the second derivative of -o**5/10 - o**4/3 - 2*o**3/3 - o**2 + o. Let c = -8 + 11. Let j = -5 + c. Give t(j).
6
Suppose 0 = 2*n - 8, o - 22 = -o - 5*n. Let m(q) = -8*q**3 - q**2 + 2*q - 1. Give m(o).
-8
Let p(k) = -k**2 - 5*k - 3. Let g be p(-3). Let l be -4*g/24*-2. Let w(j) = 13*j - 1 - 8*j - 12*j. What is w(l)?
-8
Let b(l) = -l + 12. Let c(v) = 2*v + 1. Let f be c(3). Suppose -3*x + 8 = -f. What is b(x)?
7
Let b(r) = 2*r**2 - 31*r**3 - r + 39*r**3 + 2*r. Calculate b(-1).
-7
Let d be (-24)/9*3/(-2). Let i(j) = -j**2 + 4*j. Let q be i(d). Let x(t) = -t**2 + t - 4. Calculate x(q).
-4
Let g = 5 - 2. Let d(h) = -h**g - 2 + 2*h**3 + 0*h**2 + 3*h + 3*h**2 - 2*h. Calculate d(-3).
-5
Let g be ((-3)/(-6))/(1/6). Let b(j) = j + 4. What is b(g)?
7
Let u(q) = 1. Let g = 4 + -3. Let h(z) = z**2 - 3*z + 3. Let f(p) = g*h(p) - 5*u(p). Give f(-2).
8
Let b(c) be the third derivative of c**6/120 - c**5/12 - c**4/4 - 2*c**3/3 - 4*c**2. Determine b(6).
-4
Let l(p) = 6 - 13 + 2*p + 5 + 3. What is l(-4)?
-7
Let z = -18 - -21. Let g(t) = 2*t**3 - 5*t**2 + 4*t - 2. Calculate g(z).
19
Let v(k) be the third derivative of 0*k + 1/24*k**4 + 0 - 1/2*k**3 - 2*k**2. What is v(6)?
3
Let f(a) = a + 2. Suppose -8 - 12 = -5*l. Suppose -l*i - 21 = -5. Give f(i).
-2
Let v(t) = -16*t - 1. Let g be v(-1). Suppose 3*j = -2*j - g. Let i(q) = q**3 + 3*q**2 - q + 1. What is i(j)?
4
Let v(x) = 8*x**2 - 1. Let y be -1 + -1 - (5 - 7). Suppose 3*g - g + 2*c + 6